 -5*j + f. Suppose 0*b = -b + j. What is the units digit of b?
2
Suppose 0 = 4*q - 4*g - 16, -4*g + 10 = -5*q - 5*g. What is the units digit of q*(-2 + 3)*-3?
3
Suppose 2*w = -4*o + 58, 3*w - 4*o = -o + 105. What is the tens digit of w?
3
Let r(j) = -6*j**2 + 3*j - 7. Let v(m) = -5*m**2 + 4*m - 6. Let t(l) = 6*r(l) - 7*v(l). What is the units digit of t(-9)?
9
Suppose 6 = 2*p + p. Suppose -p*f - 8 = -44. What is the units digit of f?
8
Let h(g) = -g**3 - 10*g**2 - g - 6. Let n be h(-10). Suppose -m - 4*i = -4*m + 20, 0 = n*m - 2*i - 30. What is the units digit of m?
8
Let v(q) = 13*q**2 + 2*q + 21. What is the hundreds digit of v(-4)?
2
Suppose 5*l + 92 = 182. What is the tens digit of l?
1
Let z be 3 + 10 - (1 - -1). Let n = z + -6. Suppose -n*r = -0*r - 45. What is the units digit of r?
9
What is the units digit of -20*(2/4 - 2)?
0
Let d(q) = 9*q**3 - 2*q**2 - q. Let i be d(-1). Let l = -25 - i. What is the tens digit of l*(12/9 + -2)?
1
Let z(u) = -12*u**3 + u**2 - u - 1. Suppose 0 = -4*f + 6*f. Suppose 1 = -q - f*q. What is the units digit of z(q)?
3
Let u = 48 + -34. What is the tens digit of u?
1
Suppose -r + 9*r = 608. What is the tens digit of r?
7
Suppose 220 = a + l, -4*l - 444 = -2*a - 7*l. What is the hundreds digit of a?
2
Let s(h) = 15*h. What is the units digit of s(8)?
0
Let c = -9 - -130. What is the tens digit of c?
2
Let n = -11 - -16. Suppose -r = -1, -a - n*r = 6 - 18. What is the units digit of a?
7
Let o = 103 + -50. What is the units digit of o?
3
Let p = -2 + 10. Let k = 21 - p. What is the tens digit of k?
1
Suppose -3*w + v - 4 = 0, 6 = 4*v - 7*v. Let d(n) = -n - 1. Let m(q) = -5*q - 2. Let j(b) = -4*d(b) + m(b). What is the units digit of j(w)?
4
Suppose 2 = 3*n - n. What is the units digit of ((-48)/30)/(n/(-5))?
8
Suppose -104 = -5*y + 91. What is the tens digit of y?
3
What is the units digit of -2*1*(-145)/10?
9
Let b = 1 + -3. Let i(c) = 5*c**2 + 2*c. What is the tens digit of i(b)?
1
What is the units digit of 215/(-5)*12/(-4)?
9
Let b(n) = 3*n**3 - 6*n**2 + 5*n. Let p(y) = 16*y**3 - 30*y**2 + 26*y - 1. Let x(m) = -11*b(m) + 2*p(m). What is the units digit of x(4)?
8
Let w = 88 + -56. What is the units digit of w?
2
Suppose 6 = 3*q, 5*p - 51 = -4*q + 82. Suppose -29*h - p = -30*h. What is the units digit of h?
5
Suppose -3*p = -p + 5*r + 160, 5*p + 370 = -5*r. What is the units digit of p/(-7) - (0 + 1)?
9
Let p = 69 + 44. What is the units digit of p?
3
Let h(c) = c + 1. Let y be h(3). Let n = -4 + y. Suppose 0 = -2*l + 5*j + 1 - 7, n = 4*j - 8. What is the units digit of l?
2
Suppose 0 = 4*a - 0*a. Suppose a = 3*u - 0*u - 6. Suppose 26 = u*b + g, -b + 44 = 3*b + 4*g. What is the units digit of b?
5
Let r(a) = a**3 - 3*a**2 + 3*a - 2. Let z be r(2). Suppose 0 = 4*m - 12 - z. Suppose -m*f = 4*g + g - 8, 3*f + 4*g - 13 = 0. What is the units digit of f?
1
Suppose t = -t + 8. Let x(o) = -o**2 + 5*o + 5*o - 5*o + 2*o - t. What is the units digit of x(4)?
8
Suppose x - 6*x + 25 = 0. Suppose x*p - 13 = 22. What is the units digit of p?
7
Let h be 302/(-6) - (-2)/6. Let g be (4 - 2)/(4/(-70)). Let w = g - h. What is the units digit of w?
5
Suppose -4*f = k + 13, -2*k + 3 = -f + 2. Let y(t) = -t - 1. What is the units digit of y(f)?
2
Let j(v) = -43*v - 2. What is the tens digit of j(-2)?
8
Let o = -25 - -46. What is the units digit of o?
1
Let y be (-112)/18 + (-10)/(-45). Let t be 1 - (24 + (-3 - y)). Let g = -14 - t. What is the tens digit of g?
1
Suppose 3*w = -3*z + w + 16, 5*z + w - 29 = 0. Let q = 1 + z. What is the units digit of q?
7
Let s(l) = -2*l - 10. Let k be s(-9). Suppose -t + k = 3. Suppose -t*a + 3 = -12. What is the units digit of a?
3
Let l = -17 - -19. Suppose -57 = -l*a - a. What is the tens digit of a?
1
Let p be 4/10*(-4 + -1). Let s(y) = -y**3 + 1. Let x(c) = -4*c**3 - c**2 - 3*c + 1. Let b(u) = -3*s(u) + x(u). What is the units digit of b(p)?
8
Suppose 4*r - 3*m - 6 = 8, 3*r + 2 = -4*m. Suppose 4*d = -12, -3*d = -r*x - 8*d + 7. What is the tens digit of x?
1
Suppose 2 - 10 = h - 4*p, 3*h - 5*p = -31. Let q be (h/15)/(2/(-30)). Suppose q - 2 = 5*f - 4*o, -3*f + 3*o + 3 = 0. What is the units digit of f?
6
Let n = 0 - -2. Suppose 1 = -n*g - 1. What is the units digit of 2/g*1/(-2)?
1
Let q(l) = 4*l - 11. Let m be q(9). Suppose -3*f + m = 2*f. What is the units digit of f?
5
Let u(m) = m**3 + 6*m**2 + 5*m + 2. Let r be u(-5). Suppose r = g + 1, -2*n = 3*g - 51. What is the units digit of n?
4
Let t be 12/7 - 2/(-7). What is the units digit of 3/(-6)*t + 11?
0
Let d(f) = 2*f**2 - 2*f + 2. Let m be d(5). Suppose 0*t = 3*t - m. What is the units digit of t?
4
Let n(u) = u - 7. Let v(o) = 2*o - 15. Let r(f) = 10*n(f) - 4*v(f). What is the units digit of r(7)?
4
Let a(b) be the second derivative of -b**5/20 + 5*b**4/12 + b**3/6 - 5*b**2/2 - 2*b. Let k be 2/4*(6 + 2). What is the tens digit of a(k)?
1
Let c = 3 - 3. Suppose c = 3*t + 2*t - 25. Suppose t*q - 1 - 4 = 0. What is the units digit of q?
1
Suppose 3*d = -d + 128. What is the tens digit of d?
3
Suppose 6*q - q = 0. Let a = 4 - q. Suppose 4*v = -5*c + 75, 4*v + 3 = 5*v - a*c. What is the units digit of v?
5
Suppose 3*i = 3*g - 30, -g = 3*g + 2*i - 58. Let r = g + -3. What is the tens digit of r?
1
Suppose -140 = -2*j - 2*j. What is the units digit of j?
5
What is the units digit of (-225*1)/(-3) - (4 - 6)?
7
Suppose -4*o + 27 = 11. Suppose -5*s + o*s = -6. What is the units digit of s?
6
Let m = 116 + -61. What is the tens digit of m?
5
Suppose 0 = -4*w - 2*k + 374, 3*k - 288 = -3*w + 4*k. What is the tens digit of w?
9
Let t = 27 + -9. What is the tens digit of t?
1
Let t = 1 + -7. Let j be 3/(-2) + (-21)/t. Let o(a) = -a**3 + 3*a**2 - 1. What is the units digit of o(j)?
3
What is the hundreds digit of (-2)/7 + (-3)/(42/(-1628))?
1
Let c(j) = j + 2*j - 2 - j**2 + 6*j. What is the units digit of c(6)?
6
Let y(z) = 2*z + 47. What is the units digit of y(-16)?
5
Let l = 26 + -16. Suppose 38 = -3*b - l. Let o = b + 25. What is the units digit of o?
9
What is the tens digit of 2 + (-171)/(-3) + -2?
5
Let x = 34 - 11. Let m = x - 2. What is the tens digit of m?
2
Let y = 22 - 28. Suppose 7*r - 3*r + 44 = 0. Let k = y - r. What is the units digit of k?
5
Let v = -3 - -50. What is the tens digit of v?
4
Suppose 174 + 11 = 5*f. What is the tens digit of 0 - (3 - f - -1)?
3
Let s be 7 - (3 - 2)/(-1). Suppose -s*i = -3*i - 80. What is the units digit of i?
6
Let c(h) = h**2 + h + 7. Let y be c(0). Suppose m - 4*m - y = -f, 2*m = 8. What is the units digit of f?
9
Let x(d) = d**3 - 7*d**2 + 6*d + 3. Suppose 5*o + 30 = -0*o. Let f be o/(-9) - 16/(-3). What is the units digit of x(f)?
3
Let y(i) = i**2 + 11*i - 4. What is the units digit of y(-14)?
8
Suppose -4*d + 2*q + 20 = 0, 5*q - 1 = d + 12. Suppose 0 = d*u - 2*u - 10. Suppose -u*k = -9 + 3. What is the units digit of k?
3
What is the units digit of 7/(2 - (-15)/(-8))?
6
Let t = 6 - 8. Let j = 0 - t. What is the units digit of j?
2
Suppose -28 = 4*g - 5*g. What is the units digit of g?
8
Let j(a) = -2*a**2 - 8*a - 9. Let c be j(-6). Suppose 3*u = g - 44, -3*g - 2*g + 10 = 0. Let n = u - c. What is the tens digit of n?
1
What is the tens digit of 3/9 + (-535)/(-15)?
3
Let r(b) = -5*b**3 + 1. Let o be r(-1). Suppose 7 = f + 2*g, -2*g - o - 21 = -f. What is the tens digit of f?
1
Let a(m) = m + 2. Let o be a(5). Suppose 0 = 6*q - o*q + 4. What is the units digit of q?
4
Let p(r) = -14*r**3. Let g be p(1). Suppose 4*v - 4 = 2*y + 6, -y + 5*v - 8 = 0. What is the units digit of g/(-6) + y/9?
2
Let g(c) = -c**2 + 7*c + 7. Let j be g(8). Let a be 2 - (-1)/j*8. What is the units digit of 5/(a/(-4) + -1)?
0
Suppose 0 = -w + 4*c - 4, -22 = -w - 2*w - 5*c. Suppose u - w*u = -57. What is the units digit of u?
9
Let a = -5 + 2. Let x(i) = -3*i - 2. Let w be x(a). Suppose 2*d = 2*p + 30, -4*d + w = -2*p - 49. What is the units digit of d?
3
Suppose -7*d + 320 = -3*d. What is the units digit of d?
0
Let j be -50 + (2 + 1 - -1). Let n = 99 + j. What is the units digit of n?
3
Let a(f) = -4*f**2 + 2*f + 2. Let i be -3 + (-3)/6*-10. Let n be a(i). Let v = 15 + n. What is the units digit of v?
5
Let y be (-4)/6 + (-4)/(-6). Suppose y = -l + 5 - 3. Let h = 5 + l. What is the units digit of h?
7
Suppose 3*i + 12 = -